43?
53
What is the highest common divisor of 14013 and 6804?
81
What is the highest common factor of 256 and 85832?
8
Calculate the greatest common factor of 5031 and 2769.
39
Calculate the highest common divisor of 920 and 16376.
184
What is the highest common factor of 117229 and 14?
7
What is the highest common divisor of 9750 and 7215?
195
What is the highest common factor of 27512 and 19729?
181
Calculate the greatest common factor of 203 and 313954.
29
What is the greatest common divisor of 19834 and 3196?
94
What is the highest common factor of 1977906 and 147?
21
Calculate the highest common divisor of 423 and 2961.
423
What is the highest common divisor of 4 and 1010532?
4
What is the highest common divisor of 233189 and 1479?
493
Calculate the highest common divisor of 25 and 420775.
25
What is the greatest common factor of 3634 and 3036?
46
What is the highest common divisor of 211426 and 122?
122
Calculate the greatest common factor of 160 and 71104.
32
What is the greatest common divisor of 1864 and 40076?
932
Calculate the greatest common divisor of 12784 and 11254.
34
What is the highest common factor of 163696 and 208?
208
Calculate the greatest common divisor of 3392 and 476152.
424
What is the greatest common divisor of 792 and 1185096?
264
Calculate the highest common factor of 2833357 and 59.
59
What is the highest common factor of 12250 and 10388?
98
Calculate the highest common divisor of 8090 and 135.
5
Calculate the highest common factor of 116 and 1680.
4
Calculate the highest common factor of 262904 and 236.
236
Calculate the greatest common factor of 96855 and 1705.
55
Calculate the highest common factor of 30 and 13373220.
30
Calculate the highest common factor of 35 and 1039325.
35
What is the greatest common divisor of 9639 and 229635?
567
Calculate the highest common divisor of 308 and 5313.
77
Calculate the highest common factor of 27624 and 2472.
24
Calculate the highest common divisor of 492 and 65108.
164
Calculate the greatest common divisor of 196498 and 95.
19
What is the greatest common factor of 380 and 98990?
190
Calculate the greatest common divisor of 959 and 154.
7
What is the greatest common factor of 45 and 5553165?
15
Calculate the highest common divisor of 1845 and 2745.
45
What is the greatest common divisor of 483387 and 59?
59
What is the greatest common divisor of 2662 and 33?
11
What is the greatest common divisor of 32 and 158398?
2
Calculate the highest common factor of 73728 and 48.
48
What is the greatest common divisor of 85 and 59704?
17
Calculate the highest common factor of 220 and 378400.
220
What is the greatest common divisor of 521822 and 56?
14
What is the highest common divisor of 20424 and 191544?
552
What is the greatest common factor of 22607 and 36075?
481
What is the greatest common factor of 1992 and 571040?
664
What is the highest common divisor of 86826 and 406?
58
What is the highest common divisor of 84753 and 7592?
73
Calculate the highest common divisor of 6466 and 14310.
106
What is the highest common divisor of 11786 and 21082?
166
What is the greatest common divisor of 2945 and 85715?
155
What is the highest common factor of 2538 and 84726?
54
What is the greatest common factor of 1754 and 958561?
877
Calculate the highest common divisor of 8601 and 1464.
183
What is the greatest common factor of 366630 and 9595?
505
What is the greatest common factor of 10 and 28680?
10
What is the greatest common factor of 272455 and 145?
145
Calculate the highest common factor of 49315 and 140.
35
Calculate the greatest common divisor of 897598 and 138.
46
Calculate the highest common factor of 252684 and 36.
36
Calculate the highest common divisor of 160 and 499872.
32
What is the greatest common divisor of 2901168 and 64?
16
Calculate the greatest common divisor of 938463 and 93.
93
Calculate the greatest common divisor of 30584 and 32.
8
Calculate the greatest common factor of 7847 and 6195.
413
Calculate the highest common divisor of 446400 and 288.
288
What is the highest common factor of 69958 and 406?
14
Calculate the greatest common factor of 44 and 226358.
22
Calculate the highest common factor of 48 and 210856.
8
Calculate the greatest common factor of 133643 and 3.
1
Calculate the greatest common divisor of 1442 and 552904.
206
Calculate the highest common factor of 40188 and 408.
204
What is the highest common divisor of 97464 and 3720?
744
What is the greatest common divisor of 1303918 and 22?
22
Calculate the highest common divisor of 1317245 and 51.
17
Calculate the highest common factor of 504 and 60408.
72
What is the greatest common divisor of 10158 and 18?
6
Calculate the greatest common factor of 438 and 6789.
219
What is the greatest common factor of 90 and 162930?
30
What is the highest common divisor of 9840 and 4460?
20
Calculate the greatest common factor of 27325 and 225.
25
Calculate the highest common factor of 1240 and 16585.
155
What is the highest common divisor of 900 and 54828?
36
Calculate the highest common factor of 800 and 9824.
32
What is the greatest common divisor of 1156 and 11832?
68
What is the highest common divisor of 776 and 9784?
8
Calculate the greatest common factor of 4 and 166862.
2
What is the greatest common factor of 118415 and 55?
55
What is the greatest common divisor of 38802 and 1252368?
1338
Calculate the greatest common divisor of 3587 and 28485.
211
What is the greatest common factor of 3840 and 45?
15
What is the highest common divisor of 352 and 1043592?
88
Calculate the highest common factor of 7009 and 5805.
43
Calculate the highest common divisor of 3968 and 69936.
496
What is the greatest common divisor of 38 and 467875?
19
Calculate the highest common factor of 43281 and 7.
7
What is the highest common divisor of 16049 and 482929?
1459
Calculate the greatest common factor of 77 and 545908.
11
What is the highest common factor of 32592 and 70?
14
What is the greatest common factor of 6825556 and 232?
116
Calculate the highest common divisor of 1003 and 4307.
59
Calculate the highest common divisor of 614976 and 24.
24
What is the greatest common factor of 14711 and 235?
47
Calculate the greatest common divisor of 11918012 and 446.
446
Calculate the greatest common factor of 9720 and 3600.
360
What is the highest common factor of 2163 and 56959?
721
What is the greatest common divisor of 784 and 216?
8
What is the greatest common factor of 3263 and 169?
13
Calculate the greatest common divisor of 126952 and 2856.
56
What is the greatest common factor of 3350 and 268?
134
What is the highest common divisor of 270 and 2593350?
270
What is the highest common divisor of 279990 and 680?
170
What is the greatest common factor of 181968 and 8466?
102
Calculate the greatest common divisor of 48057 and 9213.
249
What is the greatest common divisor of 810 and 5118?
6
What is the highest common factor of 351 and 55419?
39
What is the highest common factor of 2562 and 2906162?
854
Calculate the greatest common factor of 7363 and 6475.
37
What is the highest common factor of 90 and 6714?
18
Calculate the highest common divisor of 2842 and 31726.
58
Calculate the highest common factor of 587550 and 1200.
150
What is the greatest common factor of 81 and 49758?
3
What is the greatest common divisor of 111552 and 2112?
192
What is the greatest common divisor of 67310 and 530?
530
Calculate the highest common factor of 92 and 1371697.
23
What is the greatest common factor of 43 and 10597909?
43
Calculate the highest common divisor of 6288 and 9984.
48
Calculate the highest common divisor of 4117 and 52447.
179
What is the highest common divisor of 24 and 349688?
8
What is the highest common divisor of 39044 and 172?
172
Calculate the greatest common divisor of 174450 and 150.
150
Calculate the greatest common factor of 14282 and 2702.
386
Calculate the highest common divisor of 10640 and 16.
16
Calculate the highest common divisor of 81298 and 686.
14
Calculate the highest common factor of 64 and 3824.
16
What is the greatest common factor of 1284246 and 90?
18
What is the greatest common divisor of 12532 and 17524?
52
Calculate the highest common factor of 10 and 433436.
2
What is the greatest common divisor of 306 and 1023